- -5422. What is the highest common factor of 637 and j?
49
Let w(v) be the second derivative of -2*v**3/3 + 4*v**2 - 77*v. Let p be w(-2). What is the greatest common divisor of p and 128?
16
Let c be (28/(-6))/((-24)/(-108)). Let f be 44/(c/(-18) - 4/6). Let z = -25 + 33. What is the greatest common divisor of f and z?
8
Let p = -38 + 57. Let k(q) = 27*q**2 - 11 - 8*q - 4 - 24*q**2 - 3*q. Let n be k(-7). What is the greatest common factor of n and p?
19
Let a be 0 + 0 + 8 + 11 + 24. What is the highest common divisor of 2279 and a?
43
Suppose 5*g + 1395 = 90. Let h = -249 - g. Calculate the greatest common factor of 36 and h.
12
Let g = 6360 - 6072. What is the greatest common divisor of g and 45?
9
Let j = 14 + -6. Suppose 2*n - 33*i - 83 = -30*i, -n - 2*i = -24. Suppose 2*c + j - n = 0. Calculate the greatest common factor of c and 13.
13
Let p be (168/35)/((-8)/(-20)). Suppose 5*d + 5*m = -191 + 71, 96 = -4*d - 2*m. Let z = d - -48. What is the greatest common divisor of p and z?
12
Suppose v - 56 = -v. Suppose -10*m + 11*m + 4*i = 54, -2*m + 58 = 3*i. What is the greatest common divisor of m and v?
14
Let d(z) = -z**2 + 6*z - 2. Let g be d(3). Suppose 0 = -g*k + 4*k + 36. Let a be -2*(-9)/(-6)*(-21 - -15). What is the highest common divisor of a and k?
6
Let j = -21 + 23. Suppose j*x = x. Let f be -2 + x + 5 + -3 + 9. What is the greatest common factor of 36 and f?
9
Suppose -4*q = -25 - 103. Let o(g) = g**3 + 19*g - 106. Let a be o(6). Calculate the greatest common factor of a and q.
32
Suppose -13650 = 2*k - 123*k + 7646. What is the highest common divisor of 484 and k?
44
Suppose 1059*j = 1382*j - 69768. Calculate the highest common factor of 12204 and j.
108
Let a(o) = 3*o**3 - 2*o - 1. Let c be a(3). Suppose 10*f = -4 + c. Suppose f + 1 = 4*b. Calculate the greatest common divisor of b and 10.
2
Suppose 1305*j - 1306*j = -2112. What is the greatest common divisor of j and 33?
33
Let l(b) = 103*b + 3 + 3*b**2 + 0*b**2 + 2 - 114*b. Let h be l(11). Calculate the highest common divisor of 13 and h.
13
Suppose 0 = 3*t + 14 - 23. Suppose 6*i + 3*f = 2*i + 966, -3*i - t*f = -726. What is the greatest common divisor of 96 and i?
48
Let u(n) = 2*n**2 + 15*n + 29. Let z(c) = -2*c**3 + 4*c**2 - 8*c + 10. Let q be z(2). Let k be u(q). What is the highest common factor of k and 11?
11
Suppose 3*h + 4*u - 4086 = 12221, 15 = 3*u. Calculate the highest common divisor of 61 and h.
61
Let t be (-104 - 0/(-4))/(-1). Let w(x) = -2*x**3 + 5*x**2 + 27*x - 8. Let a be w(6). Let v = a + t. Calculate the highest common divisor of v and 12.
6
Let n(b) = -b**2 - 26*b - 110. Let u be n(-20). Suppose -2*z = -h - 81, -u + 1 = 3*h. What is the greatest common factor of z and 65?
13
Let f(s) = s**3 - 28*s**2 - 90*s - 85. Let t be f(31). What is the greatest common factor of t and 1240?
8
Let x(p) = -p + 13 + 2 - 4. Let f be x(-5). Let n be (31 + -1)/((-12)/(-32)). What is the greatest common factor of f and n?
16
Suppose 0 = -5*y - 5*b + 149 + 771, -3*b = 5*y - 926. Let l = y - 330. Let k be l/(-5*(-2)/5)*-4. Calculate the highest common factor of 26 and k.
26
Let t(u) = u**3 + 32*u**2 + 2*u - 274. Let f be t(-31). Calculate the highest common factor of 875 and f.
125
Let p = 16903 - 16778. Suppose -5*v + 105 = 4*r, 2*r - 71 = v - 22. Calculate the greatest common divisor of r and p.
25
Suppose 6*n - 5*f = 1523, 11*n + f = 9*n + 505. What is the greatest common divisor of 391 and n?
23
Let m(n) = -20*n**3 + 3*n**2 + 10 - 3 - 21*n**3 + 42*n**3 - 2*n. Let h be m(0). What is the highest common factor of 14 and h?
7
Let t(l) be the second derivative of -l**5/20 - 2*l**3/3 - 2*l**2 - 23*l. Let u be t(-4). Let d = u + -74. Calculate the highest common divisor of 2 and d.
2
Let v = -584 - -586. Let x be ((-14)/(-6) - v)/(30/9450). What is the highest common divisor of x and 35?
35
Let x be 243221/143 - (-4)/26. Calculate the highest common factor of x and 756.
189
Let x(d) = 5*d**2 + 2*d + 4. Let k be x(-2). Let v(c) = 2*c**3 + 8*c**2 + 27*c - 22. Let m be v(6). Calculate the highest common divisor of m and k.
20
Let h(k) be the first derivative of k**4/4 - 7*k**3/3 + 7*k**2/2 - 5*k - 81. Let o be h(9). Calculate the greatest common divisor of o and 11.
11
Let t be (-3276)/(-6) + (0 - -4). Suppose -t = -9*c - 13*c. Suppose -3*o = w - 6*w - 845, 0 = 2*w + 8. Calculate the highest common divisor of o and c.
25
Suppose 0 = -4*y - 3*j + 213 + 132, -3*y - j = -255. Suppose 109*g - 111*g - 3*c = -96, 8*g = -4*c + 464. What is the greatest common divisor of g and y?
21
Let q be (-2)/(-5) + (-170)/(-5)*(-22180)/(-200). Calculate the greatest common divisor of 9 and q.
9
Suppose -7*j = -137 - 31. Suppose j = 2*a + a. Calculate the highest common divisor of a and 6.
2
Suppose -2*n + 88 = 2*n + a, -3*a = 2*n - 34. Let g = n + -15. Suppose -45*s + 37*s = -16. Calculate the greatest common divisor of g and s.
2
Suppose -67 + 19 = -4*g. Let m be (3 - 42/g)*(1 + -11). Suppose 11*y - 120 = m*y. Calculate the highest common divisor of 100 and y.
20
Let k(i) = 3*i**3 - 1. Let o be k(1). Suppose -2*l + 5 = -o*r - 7, -22 = r - 5*l. Let w be r/6 + 1 - (-852)/18. What is the greatest common divisor of 12 and w?
12
Let a = 44 - 28. Suppose 2*w - 861 = 3*s, 4*s - w = w - 1150. Let g = 401 + s. Calculate the highest common factor of a and g.
16
Let a = -12992 - -14770. Calculate the greatest common factor of a and 7.
7
Suppose 35 - 435 = -5*q. Let w(p) = -14*p**2 - 275*p - 161. Let b be w(-19). Calculate the greatest common divisor of q and b.
10
Suppose -2 = z + 4*m, 6*m - m + 34 = 4*z. Let l = -3116 - -3194. What is the greatest common divisor of z and l?
6
Let n be 28 + -34 - -84*2. Let c = -1 + n. What is the highest common factor of 46 and c?
23
Let p(u) be the first derivative of u**3/3 + 19*u**2/2 - 122*u - 102. Let y be p(-26). What is the greatest common factor of y and 780?
60
Let z(u) = 21*u**2 - 170*u - 16. Let t be z(24). Calculate the highest common divisor of t and 64.
64
Suppose 4*w + 12 = 0, -2*o + 0*o - 12*w + 2196 = 0. What is the greatest common factor of 108 and o?
36
Suppose -34*y - 434 = -3*y. Let l be (-10935)/(-63) + 0 + (-6)/y. What is the highest common factor of l and 58?
58
Let t(r) = -105*r + 4332. Let a be t(41). Let p(c) = -4*c**3 + 4*c + 3. Let s be p(-4). What is the highest common factor of a and s?
27
Let j(b) = 3*b**3 + 4*b**2 + 12*b + 7521. Let h be j(0). Calculate the highest common divisor of h and 69.
69
Suppose 22 - 148 = -m. Suppose 25*s - 24*s = m. What is the greatest common factor of s and 56?
14
Let i = 539 - 381. Suppose 5*g + 33 = i. Let o be (g - 0)/1*147/35. Calculate the greatest common divisor of o and 7.
7
Suppose 0 = -5*t + 192 - 52. Suppose -13 = 3*x - t. Suppose x*a + 237 - 1117 = 0. What is the highest common factor of a and 16?
16
Suppose 423 + 546 = 10*a - 351. Calculate the highest common divisor of 550 and a.
22
Let j be (2 - (-30)/(-16)) + (-638)/(-16). Let t be j/6*(-2)/((-24)/198). Calculate the highest common factor of t and 88.
22
Let h(o) = -o**3 + 19*o**2 - 20*o + 20. Let q be h(16). Let t = -308 + q. Suppose 0 = 2*z - 48 - t. What is the greatest common factor of z and 26?
26
Let h = -56 - -41. Let t be (4/h*-1389)/(2/5). Suppose -2*o = -5*j + t, o + 0*o = -3*j + 549. Calculate the greatest common factor of 23 and j.
23
Suppose -9072 = 472*l - 476*l. What is the highest common factor of 168 and l?
84
Let k(p) = 3*p + 6. Let l be k(4). Suppose -l*t + 13*t = -20. Let m(n) = 2*n**2 - 3*n + 6. Let q be m(2). What is the greatest common factor of t and q?
4
Let b(x) = -9*x**2 - 696*x + 23. Let n be b(-6). What is the highest common divisor of 50 and n?
25
Let w(c) = -3*c**2 - 44*c - 26. Let x be w(-14). Suppose -4*l + 2*i + 8 = -x*i, -3*l + 38 = 5*i. What is the highest common divisor of 222 and l?
6
Suppose -349*p = -322*p - 28755. Calculate the greatest common divisor of 45 and p.
15
Suppose -2*d = -4*b + 70, -2*b + 33 = -0*b + d. Suppose -16*c + b*c = i - 139, c = -4*i + 536. Calculate the highest common factor of 5 and i.
5
Let m(q) be the second derivative of -q**5/20 - q**4/3 - 3*q**3 - q**2 - 16*q. Let s be m(-4). What is the highest common divisor of 56 and s?
14
Let g = 304 + -311. Let v(w) be the first derivative of 